remainder when 95 is divided by 26?
17
What is the remainder when 23360 is divided by 61?
58
Calculate the remainder when 7050 is divided by 86.
84
Calculate the remainder when 15 is divided by 4.
3
Calculate the remainder when 2943 is divided by 128.
127
Calculate the remainder when 43 is divided by 25.
18
Calculate the remainder when 238 is divided by 25.
13
Calculate the remainder when 908 is divided by 426.
56
What is the remainder when 2698 is divided by 135?
133
What is the remainder when 6425 is divided by 189?
188
What is the remainder when 146 is divided by 33?
14
What is the remainder when 375 is divided by 119?
18
What is the remainder when 5990 is divided by 9?
5
Calculate the remainder when 227 is divided by 61.
44
Calculate the remainder when 31412 is divided by 113.
111
What is the remainder when 185 is divided by 21?
17
What is the remainder when 797 is divided by 21?
20
What is the remainder when 93 is divided by 70?
23
Calculate the remainder when 1844 is divided by 28.
24
What is the remainder when 109 is divided by 19?
14
Calculate the remainder when 460 is divided by 116.
112
Calculate the remainder when 8719 is divided by 13.
9
Calculate the remainder when 3892 is divided by 1943.
6
Calculate the remainder when 414 is divided by 83.
82
Calculate the remainder when 89 is divided by 2.
1
Calculate the remainder when 143 is divided by 133.
10
Calculate the remainder when 28 is divided by 27.
1
Calculate the remainder when 3819 is divided by 78.
75
What is the remainder when 109 is divided by 48?
13
Calculate the remainder when 545 is divided by 94.
75
What is the remainder when 2142 is divided by 74?
70
What is the remainder when 2018 is divided by 17?
12
Calculate the remainder when 154 is divided by 18.
10
Calculate the remainder when 894 is divided by 56.
54
What is the remainder when 996 is divided by 250?
246
Calculate the remainder when 8 is divided by 4.
0
Calculate the remainder when 312 is divided by 79.
75
Calculate the remainder when 5035 is divided by 73.
71
Calculate the remainder when 17860 is divided by 77.
73
Calculate the remainder when 1717 is divided by 86.
83
What is the remainder when 85 is divided by 75?
10
What is the remainder when 73 is divided by 51?
22
What is the remainder when 685 is divided by 172?
169
Calculate the remainder when 465 is divided by 116.
1
Calculate the remainder when 663 is divided by 64.
23
Calculate the remainder when 388 is divided by 33.
25
Calculate the remainder when 342 is divided by 96.
54
What is the remainder when 921 is divided by 177?
36
What is the remainder when 125 is divided by 18?
17
What is the remainder when 195 is divided by 103?
92
Calculate the remainder when 235 is divided by 59.
58
Calculate the remainder when 159 is divided by 152.
7
Calculate the remainder when 536 is divided by 260.
16
What is the remainder when 243 is divided by 49?
47
Calculate the remainder when 366 is divided by 102.
60
What is the remainder when 324 is divided by 162?
0
What is the remainder when 135 is divided by 14?
9
What is the remainder when 56 is divided by 10?
6
Calculate the remainder when 105 is divided by 38.
29
Calculate the remainder when 546 is divided by 77.
7
What is the remainder when 90 is divided by 9?
0
What is the remainder when 1027 is divided by 147?
145
Calculate the remainder when 23 is divided by 4.
3
Calculate the remainder when 158 is divided by 33.
26
Calculate the remainder when 297 is divided by 137.
23
What is the remainder when 76 is divided by 43?
33
What is the remainder when 7562 is divided by 17?
14
Calculate the remainder when 82 is divided by 20.
2
Calculate the remainder when 12 is divided by 12.
0
What is the remainder when 366 is divided by 57?
24
Calculate the remainder when 510 is divided by 90.
60
Calculate the remainder when 133 is divided by 46.
41
Calculate the remainder when 151 is divided by 14.
11
What is the remainder when 66 is divided by 3?
0
Calculate the remainder when 443 is divided by 37.
36
What is the remainder when 191 is divided by 66?
59
What is the remainder when 841 is divided by 298?
245
What is the remainder when 691 is divided by 198?
97
Calculate the remainder when 560 is divided by 49.
21
Calculate the remainder when 715 is divided by 152.
107
Calculate the remainder when 26 is divided by 19.
7
What is the remainder when 11 is divided by 3?
2
What is the remainder when 636 is divided by 167?
135
What is the remainder when 263 is divided by 121?
21
What is the remainder when 3563 is divided by 1184?
11
Calculate the remainder when 130 is divided by 36.
22
Calculate the remainder when 842 is divided by 318.
206
What is the remainder when 842 is divided by 243?
113
What is the remainder when 379 is divided by 129?
121
Calculate the remainder when 754 is divided by 84.
82
Calculate the remainder when 108 is divided by 24.
12
What is the remainder when 2037 is divided by 227?
221
What is the remainder when 7160 is divided by 77?
76
Calculate the remainder when 21 is divided by 4.
1
What is the remainder when 178 is divided by 26?
22
Calculate the remainder when 127 is divided by 64.
63
Calculate the remainder when 55 is divided by 19.
17
Calculate the remainder when 18814 is divided by 42.
40
Calculate the remainder when 68 is divided by 31.
6
What is the remainder when 73 is divided by 5?
3
What is the remainder when 3177 is divided by 17?
15
Calculate the remainder when 255 is divided by 65.
60
Calculate the remainder when 803 is divided by 23.
21
What is the remainder when 1943 is divided by 162?
161
Calculate the remainder when 73 is divided by 38.
35
Calculate the remainder when 485 is divided by 31.
20
What is the remainder when 668 is divided by 20?
8
What is the remainder when 1118 is divided by 80?
78
What is the remainder when 80 is divided by 50?
30
Calculate the remainder when 288 is divided by 286.
2
Calculate the remainder when 739 is divided by 20.
19
Calculate the remainder when 407 is divided by 42.
29
What is the remainder when 406 is divided by 34?
32
What is the remainder when 478 is divided by 41?
27
Calculate the remainder when 2103 is divided by 68.
63
What is the remainder when 3119 is divided by 12?
11
Calculate the remainder when 8528 is divided by 108.
104
What is the remainder when 2111 is divided by 66?
65
Calculate the remainder when 23187 is divided by 15.
12
What is the remainder when 6252 is divided by 15?
12
Calculate the remainder when 416 is divided by 89.
60
What is the remainder when 260 is divided by 48?
20
What is the remainder when 1310 is divided by 36?
14
What is the remainder when 248 is divided by 14?
10
What is the remainder when 1612 is divided by 127?
88
What is the remainder when 454 is divided by 57?
55
What is the remainder when 191 is divided by 28?
23
Calculate the remainder when 408 is divided by 205.
203
Calculate the remainder when 348 is divided by 27.
24
What is the remainder when 22 is divided by 4?
2
What is the remainder when 1006 is divided by 144?
142
What is the remainder when 173 is divided by 92?
81
What is the remainder when 47 is divided by 4?
3
Calculate the remainder when 1672 is divided by 9.
7
Calculate the remainder when 15 is divided by 6.
3
Calculate the remainder when 224 is divided by 39.
29
Calculate the remainder when 2253 is divided by 11.
9
Calculate the remainder when 120 is divided by 40.
0
Calculate the remainder when 351 is divided by 11.
10
Calculate the remainder when 189 is divided by 34.
19
What is the remainder when 1077 is divided by 49?
48
What is the remainder when 1036 is divided by 104?
100
What is the remainder when 123 is divided by 29?
7
What is the remainder when 215 is divided by 33?
17
What is the remainder when 253 is divided by 17?
15
What is the remainder when 82 is divided by 17?
14
Calculate the remainder when 1648 is divided by 38.
14
What is the remainder when 885 is divided by 82?
65
Calculate the remainder when 289 is divided by 2.
1
Calculate the remainder when 3688 is divided by 112.
104
Calculate the remainder when 511 is divided by 90.
61
Calculate the remainder when 94 is divided by 48.
46
Calculate the remainder when 3728 is divided by 247.
23
Calculate the remainder when 2266 is divided by 55.
11
C